{"id":4492,"date":"2025-08-31T06:29:06","date_gmt":"2025-08-31T06:29:06","guid":{"rendered":"https:\/\/www.palacgluchowo.pl\/?page_id=4492"},"modified":"2026-02-11T15:08:25","modified_gmt":"2026-02-11T15:08:25","slug":"menu-dzieciece","status":"publish","type":"page","link":"https:\/\/www.palacgluchowo.pl\/index.php\/home\/menu-dzieciece\/","title":{"rendered":"Menu dzieci\u0119ce"},"content":{"rendered":"<div class=\"wpb-content-wrapper\"><p>[vc_section el_name=&#8221;Title Section = Padding top 0&#8243; css=&#8221;.vc_custom_1582128760579{padding-top: 0px !important;}&#8221;][vc_row full_width=&#8221;stretch_row_content_no_spaces&#8221; effect=&#8221;none&#8221;][vc_column]<style type=\"text\/css\">#ut_si_69e37130bbd2d.ut-skewed-image-border-separated .ut-skewed-image-border-slice { border-color: #ffffff; border-width: 4px }<\/style><div id=\"ut_si_69e37130bbd2d\" class=\"ut-skewed-image-border  ut-skewed-image-border-separated\"><div class=\"ut-skewed-image-border-slice\"><img decoding=\"async\" class=\"ut-lazy\" src=\"data:image\/svg+xml;charset=utf-8,%3Csvg xmlns%3D'http%3A%2F%2Fwww.w3.org%2F2000%2Fsvg' viewBox%3D'0 0 800 600'%2F%3E\" data-src=\"https:\/\/www.palacgluchowo.pl\/wp-content\/uploads\/2026\/01\/r10-800x600.jpg\"><\/div><div class=\"ut-skewed-image-border-slice\"><img decoding=\"async\" class=\"ut-lazy\" src=\"data:image\/svg+xml;charset=utf-8,%3Csvg xmlns%3D'http%3A%2F%2Fwww.w3.org%2F2000%2Fsvg' viewBox%3D'0 0 800 600'%2F%3E\" data-src=\"https:\/\/www.palacgluchowo.pl\/wp-content\/uploads\/2026\/01\/r14-800x600.jpg\"><\/div><div class=\"ut-skewed-image-border-slice\"><img decoding=\"async\" class=\"ut-lazy\" src=\"data:image\/svg+xml;charset=utf-8,%3Csvg xmlns%3D'http%3A%2F%2Fwww.w3.org%2F2000%2Fsvg' viewBox%3D'0 0 800 600'%2F%3E\" data-src=\"https:\/\/www.palacgluchowo.pl\/wp-content\/uploads\/2026\/01\/r15-800x600.jpg\"><\/div><div class=\"ut-skewed-image-border-slice\"><img decoding=\"async\" class=\"ut-lazy\" src=\"data:image\/svg+xml;charset=utf-8,%3Csvg xmlns%3D'http%3A%2F%2Fwww.w3.org%2F2000%2Fsvg' viewBox%3D'0 0 800 600'%2F%3E\" data-src=\"https:\/\/www.palacgluchowo.pl\/wp-content\/uploads\/2026\/01\/r16-800x600.jpg\"><\/div><div class=\"ut-skewed-image-border-slice\"><img decoding=\"async\" class=\"ut-lazy\" src=\"data:image\/svg+xml;charset=utf-8,%3Csvg xmlns%3D'http%3A%2F%2Fwww.w3.org%2F2000%2Fsvg' viewBox%3D'0 0 800 600'%2F%3E\" data-src=\"https:\/\/www.palacgluchowo.pl\/wp-content\/uploads\/2026\/01\/r32-800x600.jpg\"><\/div><div class=\"ut-skewed-image-border-slice\"><img decoding=\"async\" class=\"ut-lazy\" src=\"data:image\/svg+xml;charset=utf-8,%3Csvg xmlns%3D'http%3A%2F%2Fwww.w3.org%2F2000%2Fsvg' viewBox%3D'0 0 800 600'%2F%3E\" data-src=\"https:\/\/www.palacgluchowo.pl\/wp-content\/uploads\/2026\/01\/r38-800x600.jpg\"><\/div><\/div>[\/vc_column][\/vc_row][vc_row][vc_column offset=&#8221;vc_col-lg-offset-2 vc_col-lg-8&#8243;]<style type=\"text\/css\">#ut_custom_heading69e37130ca3d7 { font-size:70px !important;line-height:125% !important; }@media (min-width: 1025px) and (max-width: 1679px) {#ut_custom_heading69e37130ca3d7 { line-height:125% !important; }}@media (min-width: 768px) and (max-width: 1024px) {#ut_custom_heading69e37130ca3d7 { line-height:125% !important; }}@media (max-width: 767px) {#ut_custom_heading69e37130ca3d7 { line-height:125% !important; }}#ut_custom_heading69e37130ca3d7 { text-align:center; }@media (min-width: 768px) and (max-width: 1024px) { #ut_custom_heading69e37130ca3d7 { text-align:center; } }@media (max-width: 767px) { #ut_custom_heading69e37130ca3d7 { text-align:center; } }<\/style><h1 id=\"ut_custom_heading69e37130ca3d7\" data-responsive-font=\"h1\" data-responsive-font-settings=\"{&quot;base-font-size&quot;:&quot;70&quot;,&quot;font-size-unit&quot;:&quot;px&quot;,&quot;font-size&quot;:{&quot;desktop_large&quot;:&quot;70&quot;},&quot;base-line-height&quot;:&quot;125&quot;,&quot;line-height-unit&quot;:&quot;%&quot;,&quot;line-height&quot;:{&quot;desktop_large&quot;:&quot;125&quot;,&quot;desktop_small&quot;:&quot;125&quot;,&quot;tablet&quot;:&quot;125&quot;,&quot;mobile&quot;:&quot;125&quot;},&quot;base-letter-spacing&quot;:&quot;global&quot;}\" class=\"ut-custom-heading-module  \" data-appear-effect=\"effect-1\" data-appear-top-offset=\"full\"><span class=\"\" >Menu dzieci\u0119ce<\/span><\/h1><style type=\"text\/css\">#ut_custom_heading69e37130cc80a { font-size:16px !important;line-height:30px !important; }#ut_custom_heading69e37130cc80a { font-weight:400; }#ut_custom_heading69e37130cc80a { text-align:center; }@media (min-width: 768px) and (max-width: 1024px) { #ut_custom_heading69e37130cc80a { text-align:center; } }@media (max-width: 767px) { #ut_custom_heading69e37130cc80a { text-align:center; } }<\/style><p id=\"ut_custom_heading69e37130cc80a\" data-responsive-font=\"p\" data-responsive-font-settings=\"{&quot;base-font-size&quot;:&quot;global&quot;,&quot;font-size&quot;:{&quot;desktop_large&quot;:&quot;16&quot;},&quot;base-line-height&quot;:&quot;global&quot;,&quot;line-height&quot;:{&quot;desktop_large&quot;:&quot;30&quot;},&quot;base-letter-spacing&quot;:&quot;global&quot;}\" class=\"ut-custom-heading-module  ut-animate-element animated ut-no-animation-tablet ut-no-animation-mobile \" data-effect=\"fadeIn\" data-animateonce=\"yes\" data-delay=\"100\"><span class=\"\" >Dla Naszych milusi\u0144skich przygotowali\u015bmy specjalna ofert\u0119 da\u0144, dostosowanych dla nich pod wzgl\u0119dem ilo\u015bciowym oraz trend\u00f3w jakie im towarzysz\u0105.<\/span><\/p>[\/vc_column][\/vc_row][\/vc_section][vc_section parallax=&#8221;content-zoom&#8221; background_position=&#8221;center center&#8221; hide_bg_mobile=&#8221;true&#8221; el_name=&#8221;nasze menu&#8221; css=&#8221;.vc_custom_1756622203596{padding-top: 0px !important;background-position: center !important;background-repeat: no-repeat !important;background-size: cover !important;}&#8221; el_id=&#8221;#menu&#8221;][vc_row equal_height=&#8221;yes&#8221; content_placement=&#8221;middle&#8221; el_name=&#8221;Equal height = On&#8221; el_id=&#8221;Menu&#8221;][vc_column width=&#8221;1\/2&#8243; css=&#8221;.vc_custom_1581998911739{background-image: url(https:\/\/s3.eu-central-1.amazonaws.com\/unitedthemes-xml\/demo_4\/2020\/02\/16.jpg?id=3951) !important;background-position: center !important;background-repeat: no-repeat !important;background-size: contain !important;}&#8221;]<style type=\"text\/css\">#ut_custom_heading69e37130cc856 { font-size:40px !important;line-height:150% !important; }@media (min-width: 1025px) and (max-width: 1679px) {#ut_custom_heading69e37130cc856 { line-height:150% !important; }}@media (min-width: 768px) and (max-width: 1024px) {#ut_custom_heading69e37130cc856 { line-height:150% !important; }}@media (max-width: 767px) {#ut_custom_heading69e37130cc856 { line-height:150% !important; }}#ut_custom_heading69e37130cc856 { text-align:center; }@media (min-width: 768px) and (max-width: 1024px) { #ut_custom_heading69e37130cc856 { text-align:center; } }@media (max-width: 767px) { #ut_custom_heading69e37130cc856 { text-align:center; } }<\/style><h3 id=\"ut_custom_heading69e37130cc856\" data-responsive-font=\"h3\" data-responsive-font-settings=\"{&quot;base-font-size&quot;:&quot;40&quot;,&quot;font-size-unit&quot;:&quot;px&quot;,&quot;font-size&quot;:{&quot;desktop_large&quot;:&quot;40&quot;},&quot;base-line-height&quot;:&quot;150&quot;,&quot;line-height-unit&quot;:&quot;%&quot;,&quot;line-height&quot;:{&quot;desktop_large&quot;:&quot;150&quot;,&quot;desktop_small&quot;:&quot;150&quot;,&quot;tablet&quot;:&quot;150&quot;,&quot;mobile&quot;:&quot;150&quot;},&quot;base-letter-spacing&quot;:&quot;global&quot;}\" class=\"ut-custom-heading-module   vc_custom_1756621745285\" data-appear-effect=\"effect-1\" data-appear-top-offset=\"full\"><span class=\"\" >Dla dzieci<\/span><\/h3>[vc_empty_space]<style type=\"text\/css\">#ut_fancy_image_69e37130cc88b .ut-fancy-image figcaption h3 { color: #ffffff; }#ut_fancy_image_69e37130cc88b .ut-fancy-image:hover figcaption h3 { color: #ffffff; }<\/style><div id=\"ut_fancy_image_69e37130cc88b\" class=\"ut-fancy-image-wrap \"><a target=\"_blank\" href=\"#\" ><figure class=\"ut-fancy-image\">\r\n        <img loading=\"lazy\" decoding=\"async\" data-adaptive-images=\"{&quot;300&quot;:&quot;https:\\\/\\\/www.palacgluchowo.pl\\\/wp-content\\\/uploads\\\/2026\\\/01\\\/r98-300x169.jpg&quot;,&quot;500&quot;:&quot;https:\\\/\\\/www.palacgluchowo.pl\\\/wp-content\\\/uploads\\\/2026\\\/01\\\/r98-500x281.jpg&quot;,&quot;750&quot;:&quot;https:\\\/\\\/www.palacgluchowo.pl\\\/wp-content\\\/uploads\\\/2026\\\/01\\\/r98-750x422.jpg&quot;,&quot;1000&quot;:&quot;https:\\\/\\\/www.palacgluchowo.pl\\\/wp-content\\\/uploads\\\/2026\\\/01\\\/r98-1000x562.jpg&quot;,&quot;1500&quot;:&quot;https:\\\/\\\/www.palacgluchowo.pl\\\/wp-content\\\/uploads\\\/2026\\\/01\\\/r98-1500x843.jpg&quot;,&quot;2500&quot;:&quot;https:\\\/\\\/www.palacgluchowo.pl\\\/wp-content\\\/uploads\\\/2026\\\/01\\\/r98-2500x1406.jpg&quot;}\" src=\"data:image\/svg+xml;charset=utf-8,%3Csvg xmlns%3D&#039;http%3A%2F%2Fwww.w3.org%2F2000%2Fsvg&#039; viewBox%3D&#039;0 0 1500 843&#039;%2F%3E\" width=\"1500\" height=\"843\" data-src=\"https:\/\/www.palacgluchowo.pl\/wp-content\/uploads\/2026\/01\/r98-1500x843.jpg\" data-image-id=\"4652\" class=\"ut-adaptive-image wp-post-image skip-lazy \">\r\n\r\n        <figcaption><h3>Dania dla dzieci<\/h3><\/figcaption><\/figure><\/a><\/div>[\/vc_column][vc_column width=&#8221;1\/2&#8243;]<div class=\"wpb_content_element \"><style type=\"text\/css\" scoped>.ut_menu_skin_69e37130da76b .ut-table-menu h6 { font-size: 17px; }.ut_menu_skin_69e37130da76b .ut-table-menu-bottom { text-transform: inherit; }.ut_menu_skin_69e37130da76b .ut-table-menu em, .ut-table-menu sup { color: #151515; }.ut_menu_skin_69e37130da76b .ut-table-menu sup { color: #151515; }.ut_menu_skin_69e37130da76b .ut-table-menu-bottom { margin-bottom: 20px; }<\/style><div class=\"ut-table-menu-wrap ut_menu_skin_69e37130da76b  ut-table-menu-animated\" data-appear-top-offset=\"almost\"><div class=\"ut-table-menu\"><div class=\"ut-table-menu-top\"><h6>Ros\u00f3\u0142 tradycyjny   <\/h6><p><em>z\u0142 12 <\/em><\/p><\/div><div class=\"ut-table-menu-bottom\">ros\u00f3\u0142 9\/ w\u0142asnor\u0119cznie robiony makaron 1,3 \/ marchewka \/ pietruszka\/ 200 ml<\/div><div class=\"ut-table-menu-top\"><h6>Zupa pomidorowa<\/h6><p><em>z\u0142 12 <\/em><\/p><\/div><div class=\"ut-table-menu-bottom\">zupa pomidorowa 9\/ w\u0142asnor\u0119cznie robiony makaron 1,3 lub ry\u017c \/ 200 ml<\/div><div class=\"ut-table-menu-top\"><h6>Nuggetsy w zestawie z frytkami <\/h6><p><em>z\u0142 32 <\/em><\/p><\/div><div class=\"ut-table-menu-bottom\">nuggetsy (4 sztuki) (100g)1,3,7\/ frytki (100g) 1 \/ sur\u00f3wka z marchewki (100g) 7<\/div><div class=\"ut-table-menu-top\"><h6>Kotlet drobiowy<\/h6><p><em>z\u0142 32 <\/em><\/p><\/div><div class=\"ut-table-menu-bottom\">kotleciki z fileta drobiowego (100g) 1,3\/ puree ma\u015blane (100g) 1\/ sur\u00f3wka z marchewki (100g) 7<\/div><div class=\"ut-table-menu-top\"><h6>Makaron tagiatelle z kurczakiem<\/h6><p><em>z\u0142 26 <\/em><\/p><\/div><div class=\"ut-table-menu-bottom\">Makaron tagiatelle (150g) 1,3,7\/ filet z kurczaka (100g) \/ sos \u015bmietanowy (100g) 1,3,7<\/div><div class=\"ut-table-menu-top\"><h6>Nale\u015bniki z nutell\u0105 <\/h6><p><em>z\u0142 26<\/em><\/p><\/div><div class=\"ut-table-menu-bottom\">nale\u015bniki (2 sztuki) 1,3,7 \/ nutella 3,7,8 , \/ \u015bwie\u017ce owoce\/ bita \u015bmietana 7<\/div><div class=\"ut-table-menu-top\"><h6>Nale\u015bniki z d\u017cemem  <\/h6><p><em>z\u0142 26<\/em><\/p><\/div><div class=\"ut-table-menu-bottom\">nale\u015bniki (2 sztuki) 1,3,7 \/ d\u017cem  \/ \u015bwie\u017ce owoce\/ bita \u015bmietana 7<\/div><div class=\"ut-table-menu-top\"><h6>Frytki<\/h6><p><em>z\u0142 24<\/em><\/p><\/div><div class=\"ut-table-menu-bottom\">frytki (150g) 1<\/div><div class=\"ut-table-menu-top\"><h6>Pyzy<\/h6><p><em>z\u0142 4 <\/em><\/p><\/div><div class=\"ut-table-menu-bottom\">za 1 szt.<\/div><div class=\"ut-table-menu-top\"><h6>Deser lodowy ma\u0142y <\/h6><p><em>z\u0142 19 <\/em><\/p><\/div><div class=\"ut-table-menu-bottom\">2 kulki lod\u00f3w 3,7\/ owoce \/ bita \u015bmietana 7\/ polewa<\/div><div class=\"ut-table-menu-top\"><h6>Kulka lod\u00f3w<\/h6><p><em>z\u0142 8 <\/em><\/p><\/div><div class=\"ut-table-menu-bottom\">za 1 szt.<\/div><div class=\"ut-table-menu-top\"><h6>Lemoniada cytrynowa<\/h6><p><em>z\u0142 13 <\/em><\/p><\/div><div class=\"ut-table-menu-bottom\">0,30 l<\/div><\/div><\/div><\/div>[\/vc_column][\/vc_row][\/vc_section]<\/p>\n<\/div>","protected":false},"excerpt":{"rendered":"<p>[vc_section el_name=&#8221;Title Section = Padding top 0&#8243; css=&#8221;.vc_custom_1582128760579{padding-top: 0px !important;}&#8221;][vc_row full_width=&#8221;stretch_row_content_no_spaces&#8221; effect=&#8221;none&#8221;][vc_column][\/vc_column][\/vc_row][vc_row][vc_column offset=&#8221;vc_col-lg-offset-2 vc_col-lg-8&#8243;][\/vc_column][\/vc_row][\/vc_section][vc_section parallax=&#8221;content-zoom&#8221; background_position=&#8221;center center&#8221; hide_bg_mobile=&#8221;true&#8221; el_name=&#8221;nasze menu&#8221; css=&#8221;.vc_custom_1756622203596{padding-top: 0px !important;background-position: center !important;background-repeat: no-repeat !important;background-size: cover !important;}&#8221; el_id=&#8221;#menu&#8221;][vc_row equal_height=&#8221;yes&#8221; content_placement=&#8221;middle&#8221; el_name=&#8221;Equal height = On&#8221; el_id=&#8221;Menu&#8221;][vc_column width=&#8221;1\/2&#8243; css=&#8221;.vc_custom_1581998911739{background-image: url(https:\/\/s3.eu-central-1.amazonaws.com\/unitedthemes-xml\/demo_4\/2020\/02\/16.jpg?id=3951) !important;background-position: center !important;background-repeat: no-repeat !important;background-size: contain !important;}&#8221;][vc_empty_space][\/vc_column][vc_column width=&#8221;1\/2&#8243;][\/vc_column][\/vc_row][\/vc_section]<\/p>\n","protected":false},"author":1,"featured_media":0,"parent":3409,"menu_order":0,"comment_status":"closed","ping_status":"closed","template":"","meta":{"footnotes":""},"class_list":["post-4492","page","type-page","status-publish","hentry"],"_links":{"self":[{"href":"https:\/\/www.palacgluchowo.pl\/index.php\/wp-json\/wp\/v2\/pages\/4492","targetHints":{"allow":["GET"]}}],"collection":[{"href":"https:\/\/www.palacgluchowo.pl\/index.php\/wp-json\/wp\/v2\/pages"}],"about":[{"href":"https:\/\/www.palacgluchowo.pl\/index.php\/wp-json\/wp\/v2\/types\/page"}],"author":[{"embeddable":true,"href":"https:\/\/www.palacgluchowo.pl\/index.php\/wp-json\/wp\/v2\/users\/1"}],"replies":[{"embeddable":true,"href":"https:\/\/www.palacgluchowo.pl\/index.php\/wp-json\/wp\/v2\/comments?post=4492"}],"version-history":[{"count":11,"href":"https:\/\/www.palacgluchowo.pl\/index.php\/wp-json\/wp\/v2\/pages\/4492\/revisions"}],"predecessor-version":[{"id":4691,"href":"https:\/\/www.palacgluchowo.pl\/index.php\/wp-json\/wp\/v2\/pages\/4492\/revisions\/4691"}],"up":[{"embeddable":true,"href":"https:\/\/www.palacgluchowo.pl\/index.php\/wp-json\/wp\/v2\/pages\/3409"}],"wp:attachment":[{"href":"https:\/\/www.palacgluchowo.pl\/index.php\/wp-json\/wp\/v2\/media?parent=4492"}],"curies":[{"name":"wp","href":"https:\/\/api.w.org\/{rel}","templated":true}]}}